{"id":43,"date":"2021-05-28T19:06:16","date_gmt":"2021-05-28T19:06:16","guid":{"rendered":"http:\/\/hotelzamek.pl\/?page_id=43"},"modified":"2025-02-19T10:17:37","modified_gmt":"2025-02-19T10:17:37","slug":"rezerwacja","status":"publish","type":"page","link":"https:\/\/hotelzamek.pl\/index.php\/rezerwacja\/","title":{"rendered":"Rezerwacja"},"content":{"rendered":"\t\t<div data-elementor-type=\"wp-page\" data-elementor-id=\"43\" class=\"elementor elementor-43\" data-elementor-post-type=\"page\">\n\t\t\t\t\t\t<section data-particle_enable=\"false\" data-particle-mobile-disabled=\"false\" class=\"elementor-section elementor-top-section elementor-element elementor-element-8760fb1 elementor-section-boxed elementor-section-height-default elementor-section-height-default\" data-id=\"8760fb1\" data-element_type=\"section\" data-settings=\"{&quot;background_background&quot;:&quot;classic&quot;}\">\n\t\t\t\t\t\t\t<div class=\"elementor-background-overlay\"><\/div>\n\t\t\t\t\t\t\t<div class=\"elementor-container elementor-column-gap-default\">\n\t\t\t\t\t<div class=\"elementor-column elementor-col-100 elementor-top-column elementor-element elementor-element-a398f3b\" data-id=\"a398f3b\" data-element_type=\"column\">\n\t\t\t<div class=\"elementor-widget-wrap elementor-element-populated\">\n\t\t\t\t\t\t<div class=\"elementor-element elementor-element-b502132 elementor-widget elementor-widget-heading\" data-id=\"b502132\" data-element_type=\"widget\" data-widget_type=\"heading.default\">\n\t\t\t\t<div class=\"elementor-widget-container\">\n\t\t\t\t\t<h2 class=\"elementor-heading-title elementor-size-default\">Rezerwacja<\/h2>\t\t\t\t<\/div>\n\t\t\t\t<\/div>\n\t\t\t\t\t<\/div>\n\t\t<\/div>\n\t\t\t\t\t<\/div>\n\t\t<\/section>\n\t\t\t\t<section data-particle_enable=\"false\" data-particle-mobile-disabled=\"false\" class=\"elementor-section elementor-top-section elementor-element elementor-element-c862f04 elementor-section-content-middle elementor-section-boxed elementor-section-height-default elementor-section-height-default\" data-id=\"c862f04\" data-element_type=\"section\" data-settings=\"{&quot;background_background&quot;:&quot;gradient&quot;}\">\n\t\t\t\t\t\t<div class=\"elementor-container elementor-column-gap-default\">\n\t\t\t\t\t<div class=\"elementor-column elementor-col-50 elementor-top-column elementor-element elementor-element-0bb9f75\" data-id=\"0bb9f75\" data-element_type=\"column\">\n\t\t\t<div class=\"elementor-widget-wrap elementor-element-populated\">\n\t\t\t\t\t\t<div class=\"elementor-element elementor-element-469fcb0 elementor-widget__width-initial elementor-widget-tablet__width-initial elementor-invisible elementor-widget elementor-widget-heading\" data-id=\"469fcb0\" data-element_type=\"widget\" data-settings=\"{&quot;_animation&quot;:&quot;bounceIn&quot;}\" data-widget_type=\"heading.default\">\n\t\t\t\t<div class=\"elementor-widget-container\">\n\t\t\t\t\t<h3 class=\"elementor-heading-title elementor-size-small\">NIE CZEKAJ ZAREZERWUJ JU\u017b TERAZ!  \n\n\n<\/h3>\t\t\t\t<\/div>\n\t\t\t\t<\/div>\n\t\t\t\t<div class=\"elementor-element elementor-element-8fc6f69 elementor-widget__width-initial elementor-widget-tablet__width-initial elementor-invisible elementor-widget elementor-widget-heading\" data-id=\"8fc6f69\" data-element_type=\"widget\" data-settings=\"{&quot;_animation&quot;:&quot;bounceIn&quot;}\" data-widget_type=\"heading.default\">\n\t\t\t\t<div class=\"elementor-widget-container\">\n\t\t\t\t\t<h3 class=\"elementor-heading-title elementor-size-default\">*5 % Rabatu przy rezerwacji telefonicznej \n\n\n<\/h3>\t\t\t\t<\/div>\n\t\t\t\t<\/div>\n\t\t\t\t\t<\/div>\n\t\t<\/div>\n\t\t\t\t<div class=\"elementor-column elementor-col-50 elementor-top-column elementor-element elementor-element-20d6c0d\" data-id=\"20d6c0d\" data-element_type=\"column\">\n\t\t\t<div class=\"elementor-widget-wrap elementor-element-populated\">\n\t\t\t\t\t\t<div class=\"elementor-element elementor-element-54a8a86 elementor-align-justify elementor-mobile-align-center elementor-button-info elementor-tablet-align-center elementor-invisible elementor-widget elementor-widget-button\" data-id=\"54a8a86\" data-element_type=\"widget\" data-settings=\"{&quot;_animation&quot;:&quot;bounceInDown&quot;}\" data-widget_type=\"button.default\">\n\t\t\t\t<div class=\"elementor-widget-container\">\n\t\t\t\t\t\t\t\t\t<div class=\"elementor-button-wrapper\">\n\t\t\t\t\t<a class=\"elementor-button elementor-button-link elementor-size-md\" href=\"https:\/\/www.booking.com\/hotel\/pl\/centrum-zamek.pl.html?label=gen173nr-1FCAEoggJCAlhYSDNiBW5vcmVmaLYBiAEBmAEewgEDYWJuyAEM2AEB6AEB-AELkgIBeagCBA&#038;sid=f8bd626c0bb186d3408e16e1108320fc&#038;all_sr_blocks=104169702_102211539_0_1_0&#038;checkin=2018-08-10&#038;checkout=2018-08-11&#038;dest_id=-531881&#038;dest_type=city&#038;dist=0&#038;group_adults=2&#038;group_children=0&#038;hapos=1&#038;highlighted_blocks=104169702_102211539_0_1_0&#038;hpos=1&#038;no_rooms=1&#038;room1=A%2CA&#038;sb_price_type=total&#038;srepoch=1509167832&#038;srfid=06b33993c20f971f6d2e55e5a583ea12746b72f8X1&#038;srpvid=4dd2252b2731014a&#038;type=total&#038;ucfs=1&#038;hp_refreshed_with_new_dates=1\">\n\t\t\t\t\t\t<span class=\"elementor-button-content-wrapper\">\n\t\t\t\t\t\t<span class=\"elementor-button-icon\">\n\t\t\t\t<i aria-hidden=\"true\" class=\"fas fa-angle-double-right\"><\/i>\t\t\t<\/span>\n\t\t\t\t\t\t\t\t\t<span class=\"elementor-button-text\">ZAREZERWUJ HOTEL<\/span>\n\t\t\t\t\t<\/span>\n\t\t\t\t\t<\/a>\n\t\t\t\t<\/div>\n\t\t\t\t\t\t\t\t<\/div>\n\t\t\t\t<\/div>\n\t\t\t\t<div class=\"elementor-element elementor-element-8193539 elementor-align-justify elementor-mobile-align-center elementor-button-info elementor-tablet-align-center elementor-invisible elementor-widget elementor-widget-button\" data-id=\"8193539\" data-element_type=\"widget\" data-settings=\"{&quot;_animation&quot;:&quot;bounceInDown&quot;}\" data-widget_type=\"button.default\">\n\t\t\t\t<div class=\"elementor-widget-container\">\n\t\t\t\t\t\t\t\t\t<div class=\"elementor-button-wrapper\">\n\t\t\t\t\t<a class=\"elementor-button elementor-button-link elementor-size-md\" href=\"https:\/\/www.booking.com\/hotel\/pl\/apartamenty-wielka-odrzanska-centrum.pl.html?label=gen173nr-1FCAsotgFCJGFwYXJ0YW1lbnR5LXdpZWxrYS1vZHJ6YW5za2EtY2VudHJ1bUgeWARotgGIAQGYAR64ARjIAQzYAQHoAQH4AQOIAgGoAgS4AoeVzp4GwAIB0gIkZDEzM2FiN2EtZjE3Ni00YzI5LWE2ZjEtZDE5ZThmODA3Mzc02AIF4AIB&#038;sid=16dcecfc042a5423e991eeb933acd675&#038;dist=0&#038;group_adults=2&#038;group_children=0&#038;keep_landing=1&#038;no_rooms=1&#038;sb_price_type=total&#038;type=total&#038;\">\n\t\t\t\t\t\t<span class=\"elementor-button-content-wrapper\">\n\t\t\t\t\t\t<span class=\"elementor-button-icon\">\n\t\t\t\t<i aria-hidden=\"true\" class=\"fas fa-angle-double-right\"><\/i>\t\t\t<\/span>\n\t\t\t\t\t\t\t\t\t<span class=\"elementor-button-text\">ZAREZERWUJ APARTAMENT<\/span>\n\t\t\t\t\t<\/span>\n\t\t\t\t\t<\/a>\n\t\t\t\t<\/div>\n\t\t\t\t\t\t\t\t<\/div>\n\t\t\t\t<\/div>\n\t\t\t\t<div class=\"elementor-element elementor-element-bd7d2ef elementor-button-info elementor-widget__width-initial elementor-absolute elementor-widget-mobile__width-initial elementor-align-justify elementor-widget elementor-widget-button\" data-id=\"bd7d2ef\" data-element_type=\"widget\" data-settings=\"{&quot;_position&quot;:&quot;absolute&quot;}\" data-widget_type=\"button.default\">\n\t\t\t\t<div class=\"elementor-widget-container\">\n\t\t\t\t\t\t\t\t\t<div class=\"elementor-button-wrapper\">\n\t\t\t\t\t<a class=\"elementor-button elementor-button-link elementor-size-xs elementor-animation-grow\" href=\"tel:%20+48%2091%2085%2022%20777\">\n\t\t\t\t\t\t<span class=\"elementor-button-content-wrapper\">\n\t\t\t\t\t\t<span class=\"elementor-button-icon\">\n\t\t\t\t<i aria-hidden=\"true\" class=\"fas fa-phone-square-alt\"><\/i>\t\t\t<\/span>\n\t\t\t\t\t\t\t\t\t<span class=\"elementor-button-text\">+48 91 85 22 777                                  <\/span>\n\t\t\t\t\t<\/span>\n\t\t\t\t\t<\/a>\n\t\t\t\t<\/div>\n\t\t\t\t\t\t\t\t<\/div>\n\t\t\t\t<\/div>\n\t\t\t\t\t<\/div>\n\t\t<\/div>\n\t\t\t\t\t<\/div>\n\t\t<\/section>\n\t\t\t\t<section data-particle_enable=\"false\" data-particle-mobile-disabled=\"false\" class=\"elementor-section elementor-top-section elementor-element elementor-element-7072600 elementor-section-boxed elementor-section-height-default elementor-section-height-default\" data-id=\"7072600\" data-element_type=\"section\" data-settings=\"{&quot;background_background&quot;:&quot;classic&quot;}\">\n\t\t\t\t\t\t\t<div class=\"elementor-background-overlay\"><\/div>\n\t\t\t\t\t\t\t<div class=\"elementor-container elementor-column-gap-default\">\n\t\t\t\t\t<div class=\"elementor-column elementor-col-100 elementor-top-column elementor-element elementor-element-205bdc7\" data-id=\"205bdc7\" data-element_type=\"column\">\n\t\t\t<div class=\"elementor-widget-wrap elementor-element-populated\">\n\t\t\t\t\t\t<div class=\"elementor-element elementor-element-979fbf8 elementor-widget elementor-widget-heading\" data-id=\"979fbf8\" data-element_type=\"widget\" data-widget_type=\"heading.default\">\n\t\t\t\t<div class=\"elementor-widget-container\">\n\t\t\t\t\t<h2 class=\"elementor-heading-title elementor-size-default\">WARUNKI REZERWACJI W HOTELU ZAMEK <\/h2>\t\t\t\t<\/div>\n\t\t\t\t<\/div>\n\t\t\t\t\t<\/div>\n\t\t<\/div>\n\t\t\t\t\t<\/div>\n\t\t<\/section>\n\t\t\t\t<section data-particle_enable=\"false\" data-particle-mobile-disabled=\"false\" class=\"elementor-section elementor-top-section elementor-element elementor-element-330ffd59 elementor-section-full_width elementor-section-stretched elementor-section-height-default elementor-section-height-default\" data-id=\"330ffd59\" data-element_type=\"section\" data-settings=\"{&quot;background_background&quot;:&quot;classic&quot;,&quot;shape_divider_bottom&quot;:&quot;arrow&quot;,&quot;shape_divider_bottom_negative&quot;:&quot;yes&quot;,&quot;stretch_section&quot;:&quot;section-stretched&quot;}\">\n\t\t\t\t\t\t\t<div class=\"elementor-background-overlay\"><\/div>\n\t\t\t\t\t\t<div class=\"elementor-shape elementor-shape-bottom\" data-negative=\"true\">\n\t\t\t<svg xmlns=\"http:\/\/www.w3.org\/2000\/svg\" viewBox=\"0 0 700 10\" preserveAspectRatio=\"none\">\n\t<path class=\"elementor-shape-fill\" d=\"M360 0L350 9.9 340 0 0 0 0 10 700 10 700 0\"\/>\n<\/svg>\t\t<\/div>\n\t\t\t\t\t<div class=\"elementor-container elementor-column-gap-default\">\n\t\t\t\t\t<div class=\"elementor-column elementor-col-100 elementor-top-column elementor-element elementor-element-288777b6\" data-id=\"288777b6\" data-element_type=\"column\" data-settings=\"{&quot;background_background&quot;:&quot;slideshow&quot;,&quot;background_slideshow_gallery&quot;:[],&quot;background_slideshow_loop&quot;:&quot;yes&quot;,&quot;background_slideshow_slide_duration&quot;:5000,&quot;background_slideshow_slide_transition&quot;:&quot;fade&quot;,&quot;background_slideshow_transition_duration&quot;:500}\">\n\t\t\t<div class=\"elementor-widget-wrap elementor-element-populated\">\n\t\t\t\t\t\t<div class=\"elementor-element elementor-element-0e97fa3 elementor-widget__width-inherit elementor-widget-mobile__width-initial elementor-widget elementor-widget-text-editor\" data-id=\"0e97fa3\" data-element_type=\"widget\" data-widget_type=\"text-editor.default\">\n\t\t\t\t<div class=\"elementor-widget-container\">\n\t\t\t\t\t\t\t\t\t<div class=\"vc_separator wpb_content_element vc_separator_align_left vc_sep_width_100 vc_sep_pos_align_center vc_sep_color_grey vc_separator-has-text\"><h4>\u00a0<\/h4><\/div><div class=\"wpb_text_column wpb_content_element \"><div class=\"wpb_wrapper\"><p>\u00a7 1 Hotel Zamek Centrum przyjmuje zam\u00f3wienie na us\u0142ugi hotelowe w zakresie us\u0142ug noclegowych, gastronomicznych i innych<\/p><p>\u00a7 2 Podstaw\u0105 realizacji przez Hotel \u015bwiadcze\u0144 w zakresie us\u0142ug noclegowych, gastronomicznych i innych b\u0119d\u0105 szczeg\u00f3\u0142owe zlecenia sk\u0142adane przez Klient\u00f3w przed rozpocz\u0119ciem imprezy. Zlecenia mog\u0105 by\u0107 sk\u0142adane w formie pisemnej, faxowej, meilowej lub ustnie telefonicznie,<\/p><p>\u00a7 3 Hotel Zamek zastrzega sobie prawo odmowy przyj\u0119cia zam\u00f3wienia w przypadku braku wolnych miejsc.<\/p><p>\u00a7 4 Po dokonaniu przez Biuro Podr\u00f3\u017cy rezerwacji, Hotel potwierdza t\u0119 rezerwacj\u0119, podaj\u0105c jednocze\u015bnie ceny zam\u00f3wionych us\u0142ug.<\/p><p>\u00a7 5 Za \u015bwiadczone us\u0142ugi Hotel Zamek pobiera ceny okre\u015blone w cenniku us\u0142ug. Hotel Zamek zastrzega sobie prawo do podniesienia cen<\/p><p>\u00a7 6 Hotel Zamek mo\u017ce za\u017c\u0105da\u0107 pe\u0142nej przedp\u0142aty lub zaliczki w wysoko\u015bci uzgodnionej z Klientem.<\/p><p>\u00a7 8 Klient mo\u017ce anulowa\u0107 lub ograniczy\u0107 zam\u00f3wienie bez konieczno\u015bci uiszczania odszkodowania, pod warunkiem zachowania termin\u00f3w uzgodnionych z Hotelem Zamek. Wszelkie anulacje lub zmiany b\u0119d\u0105 dokonywane na pi\u015bmie, przy czym decyduje data otrzymania pisma przez Hotel Zamek.<\/p><p>\u00a7 9 W przypadku wcze\u015bniejszego wyjazdu lub niewykorzystania zam\u00f3wionych us\u0142ug, Klient zrekompensuje Hotelowi Zamek poniesione straty chyba, \u017ce sytuacja ta nast\u0105pi\u0142a z winy Hotelu Zamek.<\/p><p>\u00a7 10 Doba hotelowa trwa od godz. 14:00 do godz. 12:00<\/p><p>\u00a7 11 Je\u017celi kt\u00f3rakolwiek ze stron nie jest w stanie wywi\u0105za\u0107 si\u0119 z przyj\u0119tych zobowi\u0105za\u0144 ze wzgl\u0119du na przeszkody b\u0119d\u0105ce wynikiem dzia\u0142ania si\u0142y wy\u017cszej, w\u00f3wczas odpowiedzialno\u015b\u0107 strony za szkod\u0119 jest wy\u0142\u0105czona.<\/p><\/div><h6><span style=\"text-decoration: underline;\">P\u0141ATNE MIEJSCE PARKINGOWE ZA HOTELEM \/ 50 Z\u0141 DOBA <br \/><\/span><\/h6><h6><span style=\"text-decoration: underline;\"><strong>BRAK MO\u017bLIWO\u015aCI REZERWACJI PARKINGU. ILO\u015a\u0106 MIEJSC OGRANICZONA!<\/strong><\/span><\/h6><\/div><h4>\u00a0Recepcja\u00a0 czynna 24 H<\/h4>\t\t\t\t\t\t\t\t<\/div>\n\t\t\t\t<\/div>\n\t\t\t\t\t<\/div>\n\t\t<\/div>\n\t\t\t\t\t<\/div>\n\t\t<\/section>\n\t\t\t\t<section data-particle_enable=\"false\" data-particle-mobile-disabled=\"false\" class=\"elementor-section elementor-top-section elementor-element elementor-element-fea134f elementor-section-boxed elementor-section-height-default elementor-section-height-default\" data-id=\"fea134f\" data-element_type=\"section\" data-settings=\"{&quot;background_background&quot;:&quot;classic&quot;}\">\n\t\t\t\t\t\t\t<div class=\"elementor-background-overlay\"><\/div>\n\t\t\t\t\t\t\t<div class=\"elementor-container elementor-column-gap-default\">\n\t\t\t\t\t<div class=\"elementor-column elementor-col-100 elementor-top-column elementor-element elementor-element-ac54f39\" data-id=\"ac54f39\" data-element_type=\"column\">\n\t\t\t<div class=\"elementor-widget-wrap elementor-element-populated\">\n\t\t\t\t\t\t<div class=\"elementor-element elementor-element-f06e234 elementor-widget elementor-widget-heading\" data-id=\"f06e234\" data-element_type=\"widget\" data-widget_type=\"heading.default\">\n\t\t\t\t<div class=\"elementor-widget-container\">\n\t\t\t\t\t<h2 class=\"elementor-heading-title elementor-size-default\">WARUNKI REZERWACJI W APARTAMENTACH\n\n\n<br><br><br><br><br><br><br><br><br><br>WIELKA ODRZA\u0143SKA CENTRUM<\/h2>\t\t\t\t<\/div>\n\t\t\t\t<\/div>\n\t\t\t\t\t<\/div>\n\t\t<\/div>\n\t\t\t\t\t<\/div>\n\t\t<\/section>\n\t\t\t\t<section data-particle_enable=\"false\" data-particle-mobile-disabled=\"false\" class=\"elementor-section elementor-top-section elementor-element elementor-element-1a7cbd7 elementor-section-full_width elementor-section-stretched elementor-section-height-default elementor-section-height-default\" data-id=\"1a7cbd7\" data-element_type=\"section\" data-settings=\"{&quot;background_background&quot;:&quot;classic&quot;,&quot;shape_divider_bottom&quot;:&quot;arrow&quot;,&quot;shape_divider_bottom_negative&quot;:&quot;yes&quot;,&quot;stretch_section&quot;:&quot;section-stretched&quot;}\">\n\t\t\t\t\t\t\t<div class=\"elementor-background-overlay\"><\/div>\n\t\t\t\t\t\t<div class=\"elementor-shape elementor-shape-bottom\" data-negative=\"true\">\n\t\t\t<svg xmlns=\"http:\/\/www.w3.org\/2000\/svg\" viewBox=\"0 0 700 10\" preserveAspectRatio=\"none\">\n\t<path class=\"elementor-shape-fill\" d=\"M360 0L350 9.9 340 0 0 0 0 10 700 10 700 0\"\/>\n<\/svg>\t\t<\/div>\n\t\t\t\t\t<div class=\"elementor-container elementor-column-gap-default\">\n\t\t\t\t\t<div class=\"elementor-column elementor-col-100 elementor-top-column elementor-element elementor-element-2fbe5c7\" data-id=\"2fbe5c7\" data-element_type=\"column\" data-settings=\"{&quot;background_background&quot;:&quot;slideshow&quot;,&quot;background_slideshow_gallery&quot;:[],&quot;background_slideshow_loop&quot;:&quot;yes&quot;,&quot;background_slideshow_slide_duration&quot;:5000,&quot;background_slideshow_slide_transition&quot;:&quot;fade&quot;,&quot;background_slideshow_transition_duration&quot;:500}\">\n\t\t\t<div class=\"elementor-widget-wrap elementor-element-populated\">\n\t\t\t\t\t\t<div class=\"elementor-element elementor-element-b786b50 elementor-widget__width-inherit elementor-widget-mobile__width-initial elementor-widget elementor-widget-text-editor\" data-id=\"b786b50\" data-element_type=\"widget\" data-widget_type=\"text-editor.default\">\n\t\t\t\t<div class=\"elementor-widget-container\">\n\t\t\t\t\t\t\t\t\t<div><p align=\"center\">\u00a0<\/p><\/div><div><div><p>Poni\u017cszy regulamin s\u0142u\u017cy zapewnieniu spokojnego i bezpiecznego pobytu naszych Go\u015bci.<\/p><ol><li>Doba hotelowa rozpoczyna si\u0119 o godzinie 15:00 w dniu przyjazdu, a ko\u0144czy o godzinie 11:00 dnia nast\u0119pnego.<\/li><li>Warunkiem dokonania rezerwacji i wydania kluczy\/karty jest p\u0142atno\u015b\u0107 z g\u00f3ry za us\u0142ug\u0119 najp\u00f3zniej w dniu wynajmu. Rezerwacja zostaje potwierdzona z dniem zaksi\u0119gowania na koncie AWOC wymaganej przedp\u0142aty.<\/li><li>\u00a0Przed\u0142u\u017cenie rezerwacji jest mo\u017cliwe po uprzednim zg\u0142oszeniu tego faktu w recepcji HOTELU ZAMEK lub pod numerem telefonu +48 91 852 27 77 do godziny 10:00 dnia, w kt\u00f3rym up\u0142ywa termin najmu apartamentu. Akceptacja warunk\u00f3w przed\u0142u\u017cenia pobytu wi\u0105\u017ce si\u0119 z konieczno\u015bci\u0105 uregulowania p\u0142atno\u015bci i przed\u0142u\u017cenia klucza\/karty.<\/li><li>AWOC uwzgl\u0119dnia \u017cyczenia przed\u0142u\u017cenia pobytu w miar\u0119 dost\u0119pno\u015bci apartament\u00f3w.<\/li><li>Zwierz\u0119ta s\u0105 akceptowane w obiekcie Apartamenty Wielka Odrza\u0144ska Centrum, ale mog\u0105 obowi\u0105zywa\u0107 dodatkowe op\u0142aty.<\/li><li>Stawki najmu apartament\u00f3w s\u0105 podane w polskich z\u0142otych i zawieraj\u0105 VAT<\/li><li>W budynku obowi\u0105zuje ca\u0142kowity zakaz palenia wyrob\u00f3w tytoniowych i papieros\u00f3w elektronicznych.\u00a0<\/li><\/ol><\/div><h6><span style=\"text-decoration: underline;\">PARKING publiczny jest dost\u0119pny przy s\u0105siednich ulicach (nie jest konieczna rezrwacja) i mog\u0119 obowi\u0105zywa\u0107 dodatkowe op\u0142aty.\u00a0<br \/><\/span><\/h6><h6><span style=\"font-size: 3.2rem; letter-spacing: -0.0415625em;\">Recepcja\u00a0 czynna 24 H<\/span><\/h6><h6>\u00a0<\/h6><\/div>\t\t\t\t\t\t\t\t<\/div>\n\t\t\t\t<\/div>\n\t\t\t\t\t<\/div>\n\t\t<\/div>\n\t\t\t\t\t<\/div>\n\t\t<\/section>\n\t\t\t\t<section data-particle_enable=\"false\" data-particle-mobile-disabled=\"false\" class=\"elementor-section elementor-top-section elementor-element elementor-element-d6b6d6d elementor-section-boxed elementor-section-height-default elementor-section-height-default\" data-id=\"d6b6d6d\" data-element_type=\"section\">\n\t\t\t\t\t\t<div class=\"elementor-container elementor-column-gap-default\">\n\t\t\t\t\t<div class=\"elementor-column elementor-col-100 elementor-top-column elementor-element elementor-element-9142888\" data-id=\"9142888\" data-element_type=\"column\">\n\t\t\t<div class=\"elementor-widget-wrap elementor-element-populated\">\n\t\t\t\t\t\t<div class=\"elementor-element elementor-element-5581f18 elementor-button-info elementor-widget__width-initial elementor-absolute elementor-widget-mobile__width-initial elementor-align-justify elementor-widget elementor-widget-button\" data-id=\"5581f18\" data-element_type=\"widget\" data-settings=\"{&quot;_position&quot;:&quot;absolute&quot;}\" data-widget_type=\"button.default\">\n\t\t\t\t<div class=\"elementor-widget-container\">\n\t\t\t\t\t\t\t\t\t<div class=\"elementor-button-wrapper\">\n\t\t\t\t\t<a class=\"elementor-button elementor-button-link elementor-size-xs elementor-animation-grow\" href=\"tel:%20+48%2091%2085%2022%20777\">\n\t\t\t\t\t\t<span class=\"elementor-button-content-wrapper\">\n\t\t\t\t\t\t<span class=\"elementor-button-icon\">\n\t\t\t\t<i aria-hidden=\"true\" class=\"fas fa-phone-square-alt\"><\/i>\t\t\t<\/span>\n\t\t\t\t\t\t\t\t\t<span class=\"elementor-button-text\">+48 91 85 22 777<\/span>\n\t\t\t\t\t<\/span>\n\t\t\t\t\t<\/a>\n\t\t\t\t<\/div>\n\t\t\t\t\t\t\t\t<\/div>\n\t\t\t\t<\/div>\n\t\t\t\t<div class=\"elementor-element elementor-element-a3449fc elementor-button-info elementor-align-justify elementor-widget__width-initial elementor-absolute elementor-widget-mobile__width-initial elementor-widget elementor-widget-button\" data-id=\"a3449fc\" data-element_type=\"widget\" data-settings=\"{&quot;_position&quot;:&quot;absolute&quot;}\" data-widget_type=\"button.default\">\n\t\t\t\t<div class=\"elementor-widget-container\">\n\t\t\t\t\t\t\t\t\t<div class=\"elementor-button-wrapper\">\n\t\t\t\t\t<a class=\"elementor-button elementor-button-link elementor-size-xs elementor-animation-grow\" href=\"mailto:%20recepcja@hotelzamek.pl\">\n\t\t\t\t\t\t<span class=\"elementor-button-content-wrapper\">\n\t\t\t\t\t\t<span class=\"elementor-button-icon\">\n\t\t\t\t<i aria-hidden=\"true\" class=\"icon icon-mail\"><\/i>\t\t\t<\/span>\n\t\t\t\t\t\t\t\t\t<span class=\"elementor-button-text\">RECEPCJA@HOTELZAMEK.PL<\/span>\n\t\t\t\t\t<\/span>\n\t\t\t\t\t<\/a>\n\t\t\t\t<\/div>\n\t\t\t\t\t\t\t\t<\/div>\n\t\t\t\t<\/div>\n\t\t\t\t\t<\/div>\n\t\t<\/div>\n\t\t\t\t\t<\/div>\n\t\t<\/section>\n\t\t\t\t<\/div>\n\t\t","protected":false},"excerpt":{"rendered":"<div class=\"pvc_clear\"><\/div>\n<p id=\"pvc_stats_43\" class=\"pvc_stats all  \" data-element-id=\"43\" style=\"\"><i class=\"pvc-stats-icon medium\" aria-hidden=\"true\"><svg xmlns=\"http:\/\/www.w3.org\/2000\/svg\" version=\"1.0\" viewBox=\"0 0 502 315\" preserveAspectRatio=\"xMidYMid meet\"><g transform=\"translate(0,332) scale(0.1,-0.1)\" fill=\"\" stroke=\"none\"><path d=\"M2394 3279 l-29 -30 -3 -207 c-2 -182 0 -211 15 -242 39 -76 157 -76 196 0 15 31 17 60 15 243 l-3 209 -33 29 c-26 23 -41 29 -80 29 -41 0 -53 -5 -78 -31z\"\/><path d=\"M3085 3251 c-45 -19 -58 -50 -96 -229 -47 -217 -49 -260 -13 -295 52 -53 146 -42 177 20 16 31 87 366 87 410 0 70 -86 122 -155 94z\"\/><path d=\"M1751 3234 c-13 -9 -29 -31 -37 -50 -12 -29 -10 -49 21 -204 19 -94 39 -189 45 -210 14 -50 54 -80 110 -80 34 0 48 6 76 34 21 21 34 44 34 59 0 14 -18 113 -40 219 -37 178 -43 195 -70 221 -36 32 -101 37 -139 11z\"\/><path d=\"M1163 3073 c-36 -7 -73 -59 -73 -102 0 -56 133 -378 171 -413 34 -32 83 -37 129 -13 70 36 67 87 -16 290 -86 209 -89 214 -129 231 -35 14 -42 15 -82 7z\"\/><path d=\"M3689 3066 c-15 -9 -33 -30 -42 -48 -48 -103 -147 -355 -147 -375 0 -98 131 -148 192 -74 13 15 57 108 97 206 80 196 84 226 37 273 -30 30 -99 39 -137 18z\"\/><path d=\"M583 2784 c-38 -19 -67 -74 -58 -113 9 -42 211 -354 242 -373 16 -10 45 -18 66 -18 51 0 107 52 107 100 0 39 -1 41 -124 234 -80 126 -108 162 -133 173 -41 17 -61 16 -100 -3z\"\/><path d=\"M4250 2784 c-14 -9 -74 -91 -133 -183 -95 -150 -107 -173 -107 -213 0 -55 33 -94 87 -104 67 -13 90 8 211 198 130 202 137 225 78 284 -27 27 -42 34 -72 34 -22 0 -50 -8 -64 -16z\"\/><path d=\"M2275 2693 c-553 -48 -1095 -270 -1585 -649 -135 -104 -459 -423 -483 -476 -23 -49 -22 -139 2 -186 73 -142 361 -457 571 -626 285 -228 642 -407 990 -497 242 -63 336 -73 660 -74 310 0 370 5 595 52 535 111 1045 392 1455 803 122 121 250 273 275 326 19 41 19 137 0 174 -41 79 -309 363 -465 492 -447 370 -946 591 -1479 653 -113 14 -422 18 -536 8z m395 -428 c171 -34 330 -124 456 -258 112 -119 167 -219 211 -378 27 -96 24 -300 -5 -401 -72 -255 -236 -447 -474 -557 -132 -62 -201 -76 -368 -76 -167 0 -236 14 -368 76 -213 98 -373 271 -451 485 -162 444 86 934 547 1084 153 49 292 57 452 25z m909 -232 c222 -123 408 -262 593 -441 76 -74 138 -139 138 -144 0 -16 -233 -242 -330 -319 -155 -123 -309 -223 -461 -299 l-81 -41 32 46 c18 26 49 83 70 128 143 306 141 649 -6 957 -25 52 -61 116 -79 142 l-34 47 45 -20 c26 -10 76 -36 113 -56z m-2057 25 c-40 -58 -105 -190 -130 -263 -110 -324 -59 -707 132 -981 25 -35 42 -64 37 -64 -19 0 -241 119 -326 174 -188 122 -406 314 -532 468 l-58 71 108 103 c185 178 428 349 672 473 66 33 121 60 123 61 2 0 -10 -19 -26 -42z\"\/><path d=\"M2375 1950 c-198 -44 -350 -190 -395 -379 -18 -76 -8 -221 19 -290 114 -284 457 -406 731 -260 98 52 188 154 231 260 27 69 37 214 19 290 -38 163 -166 304 -326 360 -67 23 -215 33 -279 19z\"\/><\/g><\/svg><\/i> <img decoding=\"async\" width=\"16\" height=\"16\" alt=\"Loading\" src=\"https:\/\/hotelzamek.pl\/wp-content\/plugins\/page-views-count\/ajax-loader-2x.gif\" border=0 \/><\/p>\n<div class=\"pvc_clear\"><\/div>\n<p>Rezerwacja NIE CZEKAJ ZAREZERWUJ JU\u017b TERAZ! *5 % Rabatu przy rezerwacji telefonicznej ZAREZERWUJ HOTEL ZAREZERWUJ APARTAMENT +48 91 85 22 777 WARUNKI REZERWACJI W HOTELU ZAMEK \u00a0 \u00a7 1 Hotel Zamek Centrum przyjmuje zam\u00f3wienie na us\u0142ugi hotelowe w zakresie us\u0142ug noclegowych, gastronomicznych i innych \u00a7 2 Podstaw\u0105 realizacji przez Hotel \u015bwiadcze\u0144 w zakresie us\u0142ug noclegowych, [&hellip;]<\/p>\n","protected":false},"author":2,"featured_media":0,"parent":0,"menu_order":0,"comment_status":"closed","ping_status":"closed","template":"","meta":{"footnotes":""},"_links":{"self":[{"href":"https:\/\/hotelzamek.pl\/index.php\/wp-json\/wp\/v2\/pages\/43"}],"collection":[{"href":"https:\/\/hotelzamek.pl\/index.php\/wp-json\/wp\/v2\/pages"}],"about":[{"href":"https:\/\/hotelzamek.pl\/index.php\/wp-json\/wp\/v2\/types\/page"}],"author":[{"embeddable":true,"href":"https:\/\/hotelzamek.pl\/index.php\/wp-json\/wp\/v2\/users\/2"}],"replies":[{"embeddable":true,"href":"https:\/\/hotelzamek.pl\/index.php\/wp-json\/wp\/v2\/comments?post=43"}],"version-history":[{"count":289,"href":"https:\/\/hotelzamek.pl\/index.php\/wp-json\/wp\/v2\/pages\/43\/revisions"}],"predecessor-version":[{"id":2728,"href":"https:\/\/hotelzamek.pl\/index.php\/wp-json\/wp\/v2\/pages\/43\/revisions\/2728"}],"wp:attachment":[{"href":"https:\/\/hotelzamek.pl\/index.php\/wp-json\/wp\/v2\/media?parent=43"}],"curies":[{"name":"wp","href":"https:\/\/api.w.org\/{rel}","templated":true}]}}